15*y**2 - 8*y - 11. What is l(-2)?
65
Let q(v) = 4*v**2 - 89*v - 522. Calculate q(27).
-9
Let y(r) = 2*r**3 - 78*r**2 + 47*r + 1119. Determine y(38).
17
Let n(r) = -8*r**2 - 245*r + 89. Give n(-31).
-4
Let z(a) = -2*a**3 - 28*a**2 - 9*a - 56. Give z(-14).
70
Let z(u) = 23*u + 635. Calculate z(-27).
14
Let w(o) = 9*o**2 - o - 226. What is w(0)?
-226
Let a(d) = 4*d + 101. Determine a(-30).
-19
Let v(a) = a**3 + 19*a**2 - 85*a - 400. Determine v(-22).
18
Let k(y) = y**2 + 181*y + 8107. What is k(-81)?
7
Let v(j) = 17*j - 377. Give v(22).
-3
Let y(i) = 16*i - 778. Give y(47).
-26
Let h(d) = -47*d + 19. Determine h(3).
-122
Let g(j) = 212*j**2 + 693*j + 693. What is g(-1)?
212
Let x(z) = z**3 - 7*z**2 - 178*z + 230. What is x(-11)?
10
Let x(c) = -12*c + 75. Calculate x(20).
-165
Let d(p) = -6164*p - 252724. What is d(-41)?
0
Let o(s) = -200*s + 8590. Calculate o(43).
-10
Let j(w) = -3*w**3 - 25*w**2 + 6*w + 13. Calculate j(-8).
-99
Let y(c) = c**2 - 22*c - 34. What is y(22)?
-34
Let f(n) = n**3 - 15*n**2 + 29*n - 92. Determine f(14).
118
Let u(o) = 658*o - 1975. Determine u(3).
-1
Let q(g) = -17*g**2 - 45*g + 8. What is q(-3)?
-10
Let k(w) = -2*w**3 + 6*w**2 + 4*w + 36. Give k(5).
-44
Let d(k) = -268*k + 117. Give d(1).
-151
Let t(i) = i**3 + 5*i**2 - 27*i + 101. Give t(4).
137
Let c(q) = 21*q**2 + 169*q - 344. Give c(2).
78
Let y(u) = u**2 + 22*u + 92. Give y(-16).
-4
Let k(l) = 122*l**2 + 47*l + 46. What is k(-1)?
121
Let o(d) = -19*d**2 - 238*d - 485. What is o(-10)?
-5
Let i(f) = -f**3 + 102*f**2 - 2341*f - 134. Determine i(35).
6
Let k(c) = 15*c + 82. Determine k(-7).
-23
Let n(q) = -2*q**2 + 100*q - 599. Determine n(43).
3
Let d(z) = -53*z + 480. Calculate d(9).
3
Let w(q) = 2*q**3 - 48*q**2 - 58*q - 50. Determine w(25).
-250
Let d(m) = 3359*m + 26836. What is d(-8)?
-36
Let n(y) = y**3 + 138*y**2 + 278*y + 9. Calculate n(-2).
-3
Let h(m) = -m**2 + 131*m - 4130. Give h(78).
4
Let k(f) = 482*f + 99289. Determine k(-206).
-3
Let y(a) = 551*a + 1921. What is y(-3)?
268
Let d(l) = -2*l**3 - 9*l**2 - 1236*l - 4941. Give d(-4).
-13
Let r(w) = -4*w + 25. Give r(-26).
129
Let t(l) = 2*l**2 + 30*l - 42. Give t(-17).
26
Let j(a) = -5*a + 69. What is j(-35)?
244
Let a(g) = 5*g**2 + 34*g + 27. Calculate a(-6).
3
Let b(k) = k**3 - 14*k**2 + 17*k - 50. Give b(13).
2
Let z(r) = 2*r**2 + 79*r + 755. Calculate z(-27).
80
Let r(c) = -c**3 - 8*c**2 - 9*c + 6. Give r(-5).
-24
Let c(p) = 7*p + 139. Calculate c(9).
202
Let f(z) = 8*z - 19. Determine f(-9).
-91
Let m(p) = -16*p**2 + 60*p - 3. Calculate m(3).
33
Let h(k) = 449*k - 4946. Give h(11).
-7
Let t(s) = -s**3 + 12*s**2 - 25*s + 65. Calculate t(8).
121
Let o(c) = 21*c**2 - 98*c - 47. Give o(5).
-12
Let s(y) = 4*y + 79. Give s(-26).
-25
Let l(x) = x**3 + 12*x**2 + 89*x + 686. Give l(-10).
-4
Let j(o) = -3*o**2 + 142*o - 118. Determine j(46).
66
Let d(z) = z**3 - 12*z**2 + 40*z - 494. Calculate d(12).
-14
Let c(v) = -v**3 - 12*v**2 + 57*v + 768. Determine c(-10).
-2
Let s(m) = 11*m + 228. Give s(-6).
162
Let q(d) = -107*d - 2421. Give q(-25).
254
Let x(k) = 80*k + 14496. Determine x(-184).
-224
Let i(f) = -809*f + 18614. Determine i(23).
7
Let k(j) = 7*j + 616. What is k(-38)?
350
Let g(r) = -40*r + 1487. Determine g(37).
7
Let f(m) = 2*m**3 + 176*m**2 - 4*m - 333. Give f(-88).
19
Let v(p) = -6*p**3 - 2*p**2 + 10*p - 2. Calculate v(-3).
112
Let c(v) = 456*v + 83. Determine c(0).
83
Let u(y) = -2*y**2 - 231. Give u(0).
-231
Let p(f) = 27*f - 3884. Calculate p(143).
-23
Let t(b) = -72*b**2 + 510*b - 32. Determine t(7).
10
Let i(q) = -6*q**2 - 10*q + 22. Give i(7).
-342
Let p(x) = -49*x**3 + 78*x**2 + 6*x - 4. Calculate p(1).
31
Let n(h) = 4*h**2 + 9*h - 9. Determine n(-7).
124
Let j(a) = 35*a + 132. Determine j(-10).
-218
Let n(m) = -m**2 - 14*m + 4. Give n(-9).
49
Let t(x) = -4017*x + 36155. Give t(9).
2
Let i(j) = -498*j + 2496. Calculate i(5).
6
Let b(i) = 4413*i - 150032. Calculate b(34).
10
Let o(k) = k**2 + 7*k - 78. Calculate o(-13).
0
Let l(f) = -f**3 + 49*f**2 + 3956*f + 8. Give l(92).
8
Let m(y) = 17*y - 1100. Give m(65).
5
Let k(c) = 2*c**3 + 30*c**2 + 8*c + 115. Give k(-15).
-5
Let j(c) = -2*c**3 + 31*c**2 - 34*c - 23. Calculate j(14).
89
Let x(u) = -15*u**2 + 9*u - 16. Give x(0).
-16
Let r(p) = -p**2 + 84*p + 2600. What is r(-24)?
8
Let b(c) = 5*c**2 + 477*c - 316. Calculate b(-96).
-28
Let s(d) = -d**3 + 347*d**2 - 2709*d - 13. Calculate s(8).
11
Let y(p) = -p**3 - 6*p**2 + 129*p + 510. Calculate y(-13).
16
Let q(c) = -2*c**3 - 87*c**2 - 45*c - 130. Give q(-43).
-44
Let m(g) = 2*g**3 + 2*g**2 + 35*g + 42. Give m(-6).
-528
Let q(i) = i**3 - 12*i**2 + 61*i - 274. Determine q(6).
-124
Let w(o) = 59*o + 4145. Calculate w(-70).
15
Let q(d) = d**3 - 11*d**2 + 403*d + 851. Give q(-2).
-7
Let p(m) = -m**3 - 35*m**2 + 116*m + 78. What is p(-38)?
2
Let c(o) = -o**3 - 52*o**2 - 349*o + 4. Calculate c(-8).
-20
Let a(q) = 20*q**2 - 98*q + 125. Calculate a(3).
11
Let v(j) = -j**2 - 105*j + 1238. What is v(-116)?
-38
Let q(r) = r**3 + 32*r**2 + 84*r - 7. Give q(-3).
2
Let l(v) = -2*v**3 + 25*v + 29. Calculate l(0).
29
Let d(b) = 9*b + 229. Give d(-17).
76
Let d(u) = 114*u + 12623. What is d(-111)?
-31
Let d(u) = u**3 + 75*u**2 + 85*u + 6381. Determine d(-75).
6
Let r(v) = -v**3 - 26*v**2 - 21*v + 60. Calculate r(-25).
-40
Let g(i) = -i**3 - 22*i**2 - 13*i - 300. Give g(-22).
-14
Let s(i) = 39*i + 22. Calculate s(5).
217
Let d(s) = s**3 + 50*s**2 + 456*s + 39. Calculate d(-38).
39
Let n(c) = 132*c**2 - 131*c - 2. Calculate n(1).
-1
Let d(q) = -213*q + 676. What is d(3)?
37
Let s(h) = 24*h**3 - 1078*h**2 - 92*h + 74. Give s(45).
-16
Let q(t) = t**3 - 28*t**2 + t + 53. What is q(28)?
81
Let h(d) = -d**3 + 15*d**2 - 22*d - 128. Calculate h(7).
110
Let l(r) = -247*r**3 - 2*r**2 + 3*r + 4. What is l(-1)?
246
Let i(w) = -w**3 + 13*w**2 - 20*w - 12. Give i(9).
132
Let q(v) = -31*v + 72. Give q(2).
10
Let i(l) = -l**2 - 72*l + 1121. What is i(-85)?
16
Let b(g) = g**3 + 16*g**2 + 68*g - 26. Calculate b(-8).
-58
Let c(n) = n**3 + 25*n**2 - 117*n - 65. What is c(-29)?
-36
Let s(w) = 335*w + 206. Determine s(0).
206
Let q(d) = -22*d + 222. Calculate q(7).
68
Let l(u) = 13*u - 19. Give l(-26).
-357
Let z(j) = -j**3 - 21*j**2 + 13*j - 18. What is z(-22)?
180
Let k(z) = 12*z**3 - 65*z**2 - 9*z + 25. Give k(5).
-145
Let j(s) = 2*s**2 + 99*s - 63. What is j(-50)?
-13
Let o(x) = 2*x**2 - 115*x + 1597. Give o(34).
-1
Let d(v) = -12*v**2 - 213*v + 36. Calculate d(-17).
189
Let l(v) = -v**2 - 10*v + 65. What is l(9)?
-106
Let y(a) = 9*a - 441. Determine y(52).
27
Let h(o) = o**2 + 45*o - 71. Calculate h(-47).
23
Let s(n) = n**2 - 637*n + 2530. Determine s(4).
-2
Let b(o) = -o**3 - 37*o**2 - 79*o - 312. Determine b(-35).
3
Let a(f) = 47*f**2 - f - 4. Determine a(-4).
752
Let i(y) = -5*y**2 + 4*y - 35. Calculate i(5).
-140
Let a(v) = v**2 + 102*v - 765. What is a(-109)?
-2
Let g(s) = -s**3 + 7*s**2 - 8*s + 29. What is g(7)?
-27
Let k(l) = 234*l - 1639. Calculate k(7).
-1
Let n(h) = 9*h + 82. Give n(11).
181
Let c(r) = -1313*r - 3947. Give c(-3).
-8
Let m(i) = -i**3 - 24*i**2 + i - 93. Determine m(-24).
-117
Let l(q) = 50*q - 1935. Determine l(39).
15
Let f(k) = -14*k**2 + 7. Determine f(3).
-119
Let o(h) = h**2 + 39*h - 30. What is o(-43)?
142
Let i(j) = j**3 + 71*j**2 - 1820*j. What is i(-91)?
0
Let y(w) = w**3 + 2*w**2 + 14*w + 93. What is y(-4)?
5
Let k(x) = -5*x**2 - 91*x - 210. What is k(-20)?
-390
Let c(p) = -2*p**3 - 8*p**2 - 51*p - 130. Calculate c(-3).
5
Let t(v) = -3*v**2 - 160*v + 455. What is t(-56)?
7
Let s(t) = 103*t - 479. Determine s(4).
-67
Let k(s) = s**2 + 1697*s + 31882. What is k(-19)?
0
Let i(u) = -u**3 - 37*u**2 + 77*u - 90. What is i(-39)?
-51
Let q(p) = -19*p**2 + 5*p + 32. Give q(-4).
-292
Let z(h) = -11*h + 31. What is z(36)?
-365
Let z(b) = -b**2 + 199*b - 3787. Determine z(23).
261
Let c(g) = -3*g**2 - 94*g + 21. What is c(-33)?
-144
Let w(l) = -2*l**3 + 9*l**2 + 5*l - 12. Calculate w(5).
-12
Let r(u) = -u**2 + 48*u - 92. Give r(50).
-192
Let q(j) = -31*j**3 + 396*j**2 + 92*j - 11. Give q(13).
2
Let r(w) = -2*w**2 - 100*w + 1254. Determine r(-59).
192
Let i(n) = n**3 - 42*n**2 - 578*n + 54. What is i(-11)?
-1
Let z(r) = 2*r**2 + 182*r - 551. Calculate z(-94).
13
Let y(w) = -w**2 + 273*w + 9183. What is 